et m(u) = -u**2 - 9*u - 10. Give m(b).
-2
Let z(k) = k**2 + 0*k + 11 + 0*k + 4*k. Let w(u) = -u**2 - 3*u - 1. Let b be w(-3). Let j(s) = 1. Let c(m) = b*z(m) + 5*j(m). What is c(-4)?
-6
Let p be 552/21 + 8/(-28). Let b = p + -21. Let s(g) = -g**3 + 4*g**2 + 4*g + 1. Determine s(b).
-4
Let c(z) = z**3 - 5*z**2 - 5*z. Let a be c(6). Let r = a - 11. Let q(m) = 2*m. Calculate q(r).
-10
Let q(n) = n - 8. Let u be q(4). Let x(z) = -z**2 - 3*z + 3. What is x(u)?
-1
Let y(o) = 0*o**2 - o**2 + 3*o - 1 + 6. Calculate y(-4).
-23
Suppose -7 = -o - 4. Suppose o*s = -7 - 11. Let b(x) = -x**2 - 7*x - 4. Determine b(s).
2
Let c = -2 + 3. Let d(p) be the first derivative of -p**4/2 - 8. Give d(c).
-2
Let p(b) = -4*b**3 - 2*b**2 - 3*b + 3. Let n(m) be the first derivative of m**4/4 + m**2/2 - m + 4. Let q(c) = -3*n(c) - p(c). Calculate q(-1).
1
Let i(f) be the second derivative of f**3/6 + f**2 - f. Let j be i(-3). Let m(z) = 2*z. Determine m(j).
-2
Suppose 3*b + 45 = -5*z - 2*b, -4*z + 2*b - 18 = 0. Let r(y) = y**2 + 7*y + 5. Calculate r(z).
-1
Let n(v) = -v + 9. Let s be n(7). Let i(g) = -g**s - 3*g + 3 + g + g - 3*g. Give i(-5).
-2
Let u(q) = -q - q + 1 + 3*q + 7. Let o be u(-7). Let b(a) = 6*a**2 - a. Give b(o).
5
Let i(m) = 1. Let s(u) = u**2 + 2*u + 2. Let f(y) = 2*i(y) - s(y). Calculate f(-3).
-3
Suppose -2*v + 4*v - 6 = 0. Let u(q) = -92*q + 45*q + 46*q. Determine u(v).
-3
Suppose 0 = -4*d + d + 9. Suppose -4*i + 4 = 2*k, -d*i + i + 4*k + 22 = 0. Suppose -4*n + 2*z = -6, i*n + z = 4*z. Let c(j) = -j**2 + 2*j + 2. Determine c(n).
-1
Suppose 4*i + 5 = -3*q, -i + 2*q = -0*q - 7. Let b be i/(-3) - (-132)/(-36). Let s(g) = -g**3 - 3*g**2 + 6*g + 4. Determine s(b).
-4
Let p(y) = -y**3 + y**2 + 4*y + 1. Let q(f) = -3*f - 5 + 4 - 9*f. Let z be q(-2). Suppose -s = 2*x - 8, -5*s + s = 5*x - z. Give p(x).
-5
Let s(r) = r**3 - r**2 + 4*r - 3. Let c = -19 + 21. What is s(c)?
9
Let t(q) = 30*q**2 - 7. Let r(c) = 2*c + 3. Let k be r(0). Let x(v) = 15*v**2 - 4. Let l(s) = k*t(s) - 5*x(s). Give l(1).
14
Suppose -20 = -28*k + 23*k. Let w be k/(-3)*(-39)/26. Let r(q) = q**3 + 3*q**2 - 2*q. What is r(w)?
16
Let m(a) be the third derivative of a**6/120 + a**5/12 + a**4/8 + 2*a**3/3 - 10*a**2. Let k be 4/10 - 54/10. Give m(k).
-11
Let k(o) = o**2 + 5*o - 4. Let q be k(-6). Let v(w) be the first derivative of -w**3 + w**2/2 + 2*w + 5. Calculate v(q).
-8
Let n(a) be the third derivative of a**5/60 - a**4/6 + a**3/6 + a**2. Let j = -2 + 4. Let c be 1/(2/j)*5. Calculate n(c).
6
Suppose w + w - 101 = 5*q, 4*q + 79 = w. Let m be q/6 + (-2)/(-12). Let s(a) = a**3 + 5*a**2 + 4*a - 1. Give s(m).
5
Let b(u) = 1 + u - 6 + 10 - 8. Give b(5).
2
Let h(m) be the third derivative of -m**5/60 - m**4/24 + m**3/2 - 11*m**2. What is h(-4)?
-9
Let j = -12 + 14. Let b(c) = c**3 - c**2 + 2*c - 3. Determine b(j).
5
Let i(x) = 6*x + 15. Let j(h) = 4*h + 10. Let u(b) = 5*i(b) - 7*j(b). Give u(-6).
-7
Let j(g) = g**2 + g - 2. Let f(m) be the first derivative of 5*m**3/3 - m**2 + m + 7. Let b be f(1). Calculate j(b).
18
Let p(s) = -s**3 + s**2 + s. Let k(r) = 4*r**3 - 6*r**2 - 6*r - 2. Let v(j) = k(j) + 3*p(j). Let z be v(4). Let i(t) = z - 1 + t - 1 - t**3 + 6. What is i(0)?
6
Let z(b) be the third derivative of b**4/12 - 3*b**3/2 + 8*b**2. Determine z(8).
7
Let w(c) = 0 + c - 4 + 3*c + c**2 + c. Let f(l) = -l**2 - 1. Let z be f(2). What is w(z)?
-4
Let u be (-1 + 1)/((-6)/24*4). Let p(l) = -6 + 4 - l**2 + 4 + l. What is p(u)?
2
Let h(d) be the second derivative of 2/3*d**3 + 4*d - 2*d**2 + 0. Give h(3).
8
Let b(i) = 5*i - 6 - i**2 - i**2 + 3*i**2. Give b(-7).
8
Let a(x) = -3*x - 6. Let f(i) be the third derivative of -i**6/120 - i**5/12 - i**4/8 - i**2. Let g be f(-4). Determine a(g).
6
Let r(f) = 1 + 3 - 2*f**2 + 3*f**2 - 2*f - 2*f. Determine r(4).
4
Let s be 10/(-15) + 3/(-9). Let r(n) = n**2. Let u(c) = -c**3 + 8*c**2 + 4*c - 1. Let f(i) = s*u(i) + 6*r(i). What is f(3)?
-2
Let b(i) = i**3 + 10*i**2 - 2*i - 15. Suppose 0 = -3*u - 3*k - 42, 4*u + 3*k - k = -48. Give b(u).
5
Suppose -4*g - 4 = 8, 0 = -k + 4*g + 10. Let d(f) be the second derivative of -f**3 - 3*f**2/2 + f. Determine d(k).
9
Let n(l) = -l**2 + 5*l - 2. Suppose -f + 25 = p, -p + 22 = p - 5*f. Suppose -p = k - 4*k. Let t = -5 + k. Determine n(t).
4
Suppose -2*k = -3*k. Let n(i) = 11 - 10*i**2 + i**2 + 14*i**3 + k*i**2 + 14*i. Let j(u) = 5*u**3 - 3*u**2 + 5*u + 4. Let z(p) = 11*j(p) - 4*n(p). What is z(1)?
1
Let q(j) = j**2 - 7. Let s(f) = -3*f + 6. Let c be s(1). What is q(c)?
2
Let d(l) be the first derivative of 17*l**4/4 + 5*l**3/3 + 2*l**2 + 2*l + 7. Let s(i) = -8*i**3 - 2*i**2 - 2*i - 1. Let o(j) = 6*d(j) + 13*s(j). Calculate o(2).
-5
Let t(o) = o**3 + 2*o**2 - 2*o + 2. Let l(j) be the third derivative of j**5/60 + j**4/6 + 9*j**2. Let r be l(-3). What is t(r)?
-1
Let p(a) = -a**3 + 4*a**2 + 5*a + 6. Suppose 2*q - 6*q = 4*g + 92, -5*q = -3*g - 45. Let x be (g/(-8))/((-1)/(-2)). Determine p(x).
6
Let w(g) = g**3 + g + 1. Let u = 18 - 18. Give w(u).
1
Let g be -1 - 1/(2/(-6)). Let u(t) = 3 + 1 + t - g. Let m(n) = -n - 13. Let s be m(-8). What is u(s)?
-3
Let l = -4 + 1. Let r be ((-12)/9)/(2/l). Let c be 0*((-1)/r - -1). Let b(s) = s + 2. Give b(c).
2
Let l(u) = -7*u**3 - 5*u. Let r(x) = 6*x**3 + x**2 + 5*x. Let v(g) = -5*l(g) - 6*r(g). Let b be 42 - 1/((-2)/4). Let n be b/(-8) - (-1)/2. Calculate v(n).
0
Let a(h) = -54 - 64 + 107 + 2*h. What is a(6)?
1
Let c(o) = 4*o - 3. Let s(f) = f**2 - f + 2. Let h(x) = -x**2 - 2*x + 2. Let z be h(-2). Let k be s(z). Suppose -6 = -k*t + 2. Calculate c(t).
5
Let s(b) be the third derivative of b**4/24 - 2*b**3 + 5*b**2 + b. Give s(7).
-5
Suppose -5*p = -3*w - 27, w - 3*w - 20 = -4*p. Suppose 7*l - p*l = -5*g, -l = 3*g - 7. Let c(x) = x**3 - 4*x**2 - x - 1. Calculate c(g).
-5
Let j be 5 - 9 - (-1 + 3 + 1). Let t(c) = c**3 + 8*c**2 + 8*c - 7. Calculate t(j).
-14
Let t(l) = 13*l**2 + l. Let j(h) = h**2 - 2*h - 3. Let c be j(-2). Suppose o = -5*n - 3, c*n - o + 9 = o. Determine t(n).
12
Let l(y) be the second derivative of y**5/20 + y**4/3 + y**3/3 + 3*y**2 + 11*y. What is l(-4)?
-2
Let s = -10 - -14. Let j(w) = s - 4 - w. Suppose 4*q + 0 + 4 = 0. Give j(q).
1
Let v(w) = -w + w**2 - 4*w**2 + 2 + w**3 + 2*w**2 + 8. What is v(0)?
10
Let d be 0 + (-3)/(-10) + (-24)/180. Let s(o) be the third derivative of -1/60*o**5 + d*o**4 + 0*o + o**3 - o**2 + 0. What is s(6)?
-6
Let v(b) be the third derivative of -b**4/24 + b**3/6 + b**2. Let j = -130 + 136. Determine v(j).
-5
Suppose -2*c = -3*c. Let z(o) = o**3 - o**2 + o - 3. What is z(c)?
-3
Let z = 7 + -5. Let c(t) = -1 - 4*t - z*t + t**2 + 2*t. Calculate c(4).
-1
Suppose 3*i + 0*o + o = -11, -5*i - 25 = 5*o. Let s(r) = 3*r**2 - 2*r + r**2 - 2 - 5*r**2. Calculate s(i).
-5
Let p(u) = -6*u**3 + u**2 - u - 1. Let s = 46 - 33. Suppose 2*n = 3*j - 0*j + 13, 5*n = j + s. Suppose -4*z = -2*z + n. Calculate p(z).
7
Let t(m) be the third derivative of -m**5/120 - m**4/12 + 5*m**3/6 - 7*m**2. Let i(g) be the first derivative of t(g). Let p = 0 + -5. Determine i(p).
3
Let a(k) = k - 2*k + 2*k + 2. Let s be (-29)/(-6) - (-3)/18. What is a(s)?
7
Let z be -1 + -2 - -1 - -2. Suppose 0 = -z*f + f + 1. Let m(s) be the second derivative of -s**5/10 + s. What is m(f)?
2
Let o = -1 - -10. Let b = o - 14. Let p(n) = 4*n - 2*n**2 + 6 + 5*n**2 - 2*n**2. Determine p(b).
11
Suppose 3*g + 5 = -2*j, -5*j = -3*j - 5*g - 19. Let h(t) = -6*t + 11*t - 3 + 0 + t**j - t**3. Let y(c) = -c - 2. Let n be y(-5). Determine h(n).
-6
Let a(b) be the first derivative of -b**4/6 - b**3/3 - b**2 - 1. Let x(w) be the second derivative of a(w). What is x(-2)?
6
Let k = -82 - -77. Let f(n) = n**3 + 4*n**2 - 3*n + 2. Determine f(k).
-8
Let q(n) be the second derivative of -n**3/6 + 3*n**2 - n. Let v be q(7). Let c(g) = 1 + 0*g - 2 + 4*g - 3*g. Determine c(v).
-2
Let a be (-6)/12*-1*4. Let w(u) = -3*u - a*u + u + u - 1. Give w(-1).
2
Let o(u) = -u**3 + 8*u**2 + u - 9. Let v(f) = -f**2 + 1. Let k(w) = o(w) + 2*v(w). Let b be k(6). Let g(q) = -6*q**2 - q. Determine g(b).
-5
Let h(n) = n. Let a(d) = 8*d. Suppose 0 = 3*i - r + 1, -i + 4*i + 4*r = -26. Let c(v) = i*a(v) + 18*h(v). What is c(5)?
10
Let j = -11 + 8. Let p(x) be the third derivative of -2*x**2 + 0 + 1/120*x**6 - 1/8*x**4 + 0*x - 2/3*x**3 + 1/3